 highest common divisor of a and x?
26
Let q(h) = -h**3 - 2*h**2 + 14*h + 13. Let c be q(-5). What is the greatest common factor of 126 and c?
18
Let t = 230 + -216. Calculate the greatest common divisor of t and 70.
14
Suppose -23*l - 4666 = -16879. Calculate the greatest common divisor of 27 and l.
9
Suppose 0 = -13*c + 32*c - 14440. What is the highest common divisor of c and 19?
19
Let v(g) = -5*g + 17. Let z(b) = -b**3 - 10*b**2 - 16*b + 3. Let a be z(-8). Let h be v(a). Calculate the highest common factor of 2 and h.
2
Suppose 0 = -5*j + 509 + 171. Let b be (7/(-3))/(1/(-24)). Suppose 4*f - 73 = -5*k, 5*k = k - 4*f + b. What is the greatest common divisor of j and k?
17
Let a = -11 - 7. Let p(h) = -3*h + 8. Let s be p(-6). Let c = a + s. What is the greatest common divisor of c and 64?
8
Suppose 0 = h - 4*h - 36. Let a = -12 - h. Suppose -g + 115 + 74 = a. What is the greatest common factor of g and 27?
27
Let v(s) = -s**2 + 10*s - 17. Let m be v(7). Suppose 0 = 2*u - m*u + 14. Suppose 3*c + 112 = u*c. Calculate the greatest common divisor of c and 4.
4
Let u = 358 + -142. Calculate the greatest common divisor of u and 54.
54
Suppose -13*y = -9*y - 20. Suppose y*o = -5*m + 5, 2 = -o + 2*m + 12. What is the greatest common factor of 8 and o?
4
Let d(h) = 130*h + 420. Let u be d(6). What is the greatest common factor of 75 and u?
75
Let h be ((-2)/6)/(1/(-30)). Let c be 4/16 - (-130)/(-8). Let j = 18 + c. What is the highest common factor of j and h?
2
Let r = -110 + 114. Suppose -s + 17 = c, 2*s - r*s - 5*c = -22. Calculate the highest common factor of s and 14.
7
Let f be -10*(42/(-105))/(2/300). What is the greatest common factor of 20 and f?
20
Suppose 4*m - k = 21, 4*k = 7*m - 2*m - 40. Suppose -101 = 5*z - 3*y, 37 = -z - m*y - y. Let f = -10 - z. What is the greatest common divisor of f and 36?
12
Suppose -4*k + 50 = 2*m, -2*k + m - 6 = -41. Calculate the highest common factor of 465 and k.
15
Suppose 20*w = 575 + 105. What is the highest common divisor of w and 51?
17
Let y(p) = -126*p + 228. Let t(g) = 36*g - 65. Let j(z) = 18*t(z) + 5*y(z). Let d be j(6). What is the greatest common factor of 52 and d?
26
Suppose -31*r + 164 = -27*r. Suppose -183 = -4*q - 19. What is the greatest common divisor of q and r?
41
Let v(o) = -4*o - 4. Let y be v(-2). Suppose y*z - 3*t = 6, -5*t + 10 = 2*z - 3*t. Let f be z/(-12)*-4 - -89. Calculate the highest common divisor of f and 10.
10
Let t(i) = -i**2 + 26*i + 122. Let k be t(18). Calculate the highest common factor of k and 56.
14
Let q be (3/3)/(7/77). Let f(v) = -11*v. Let b be f(-2). Calculate the greatest common factor of q and b.
11
Let n be (6 + -2 + 20)/(6/28). What is the greatest common factor of 1064 and n?
56
Let r be -1*(-2 + 0) - -34. Let q be (56/182)/((-4)/(-26))*(-1 - -13). What is the highest common divisor of q and r?
12
Suppose f - 1 = 2, 5*f = -n + 702. Suppose -3*l = -4*c + n, 3*l - 263 = -3*c + 226. What is the highest common factor of c and 24?
24
Suppose 1 = 3*t - 2*t. Let c(m) = -m - 1. Let n(x) = 5*x + 6. Let h(g) = -2*c(g) - n(g). Let l be h(-2). Calculate the highest common factor of l and t.
1
Suppose -6*t + 16 = -5*t. Let o = -11 + t. Suppose 2*h - 84 = -o*p, -h = 4*p - 0*h - 66. Calculate the greatest common factor of 176 and p.
16
Let k(n) = n - 1. Let x(w) = 5*w + 16. Let z(s) = -3*k(s) + x(s). Let a be z(-9). Let h be (-117)/(-6) + a/2. Calculate the greatest common factor of 5 and h.
5
Let y(j) = j**2 + 3*j - 11. Let o = 30 - 48. Let c be y(o). What is the highest common divisor of c and 37?
37
Suppose 500 + 12 = t. Suppose -17*x + 21*x - t = 0. Suppose -2*f + x = 2*f. Calculate the greatest common factor of 48 and f.
16
Let s(m) = -5*m + 4*m - 2 + 6. Let x be s(0). Calculate the highest common factor of 10 and x.
2
Let o = 58 + -16. Suppose 0 = 6*v - o - 0. What is the greatest common factor of 1 and v?
1
Let h be 57/(-5 + (-129)/(-24)). Suppose -h = -2*o + o - i, 142 = o - i. Calculate the greatest common factor of o and 21.
21
Let y = -73 + 71. Let h be (3 + y)*(1 - -13). Calculate the highest common factor of 70 and h.
14
Let x(l) = 7*l - 216. Let f be x(32). Let n be -12*((-5)/3 - -1). Let c = 48 + n. What is the highest common factor of f and c?
8
Let x = 4 + 8. Suppose -2*r = 5*q + 6, 4*r - x = 8*r - 2*q. Let h be 1 - (24/r + 0). Calculate the highest common factor of h and 54.
9
Let h be (-7)/(7/22)*8. Let o = h - -308. Let c = -26 - -38. Calculate the greatest common divisor of c and o.
12
Let x be 2/1*(-29 - -25). Let f be (-12)/x - 735/(-10). What is the highest common factor of f and 15?
15
Let o be (0 + (-6)/(-4))*(-110)/15. Let x(c) = -c - 9. Let s be x(o). What is the greatest common factor of 4 and s?
2
Suppose 0 = 4*a - 110 + 82. Calculate the greatest common factor of 161 and a.
7
Let y = 1100 + -847. Calculate the greatest common factor of 44 and y.
11
Let d(p) = p**2 + 21*p + 27. Let h be d(-8). Let f = h + 95. What is the greatest common factor of f and 4?
2
Suppose -3*h + 8*h - 3*t = 103, 0 = 5*h - 5*t - 105. Let u(x) = x + 4. Let w be u(h). Calculate the greatest common factor of w and 192.
24
Suppose -5*y - 1740 = -5*s, 139 = -2*s + y + 840. Let w = -182 + s. Suppose 2*p - 333 = w. Calculate the highest common divisor of p and 28.
28
Let k(p) = p**2 + 8*p - 24. Let h be k(-11). Let j = -7 + h. Suppose 5*c = -j + 37. Calculate the highest common factor of c and 7.
7
Let j be (6/27 - 128/(-72)) + 26. What is the highest common factor of j and 35?
7
Let d = 4146 + -2426. What is the highest common factor of 80 and d?
40
Let t = 319 - 311. What is the highest common factor of t and 112?
8
Let u = 834 + -528. Calculate the greatest common factor of 17 and u.
17
Suppose 130*p = 116*p + 1848. Suppose 4 = y - 3. Let t = y - -5. What is the highest common factor of t and p?
12
Let b = -363 - -558. What is the highest common factor of 260 and b?
65
Let b(p) = p**2 + 29*p + 68. Let r be b(-27). Let l(q) = q + 42. Let g be l(0). What is the highest common divisor of g and r?
14
Let y be ((-8)/(-14))/(6/21). Let h(s) be the first derivative of -s**3/3 - 9*s**2/2 + 2*s - 1. Let l be h(-7). Calculate the highest common factor of l and y.
2
Let p be (-212)/(-4)*(-3 - -2). Let s = 72 + p. What is the greatest common divisor of s and 38?
19
Let k = -7 - 14. Let t be k/(-6) - (-5)/(-10). What is the highest common factor of t and 3?
3
Suppose -361 + 1161 = 50*a. Calculate the greatest common factor of 1808 and a.
16
Let t(u) = -u**3 + 4*u**2 + 9*u + 9. Let q be t(5). Calculate the highest common factor of q and 319.
29
Let w(i) = 120*i - 105. Let d be w(8). What is the highest common divisor of d and 19?
19
Let p = -68 - -103. Let o = -9 + 23. Calculate the highest common factor of o and p.
7
Let u = -692 - -846. Calculate the highest common divisor of 56 and u.
14
Let g(p) = 2*p**3 - 3*p**2 + 3*p - 6. Let b = -18 - -21. Let a be 2/((-26)/10 + b). Let u be g(a). What is the greatest common divisor of 23 and u?
23
Let h = -781 + 790. What is the highest common divisor of h and 63?
9
Let h = 67 - 40. Let c be ((0 + 6)/2)/1. Suppose -j - 22 = -2*j + l, 5*j + c*l - 78 = 0. Calculate the greatest common divisor of j and h.
9
Suppose -x = -4*c - 30, x + 30 = 2*x + 2*c. What is the greatest common factor of 840 and x?
30
Let m = 3 + 13. Let n(z) = 36*z**2 - 27*z**2 + z**3 - 2*z + 7*z. Let u be n(-8). What is the highest common divisor of u and m?
8
Let t(k) = -k**3 - 3*k**2 - 8*k + 9. Let f be t(-3). Calculate the highest common divisor of 6 and f.
3
Let z(p) = p**3 + p**2 - 2*p - 2. Let y = -15 + 12. Let b be z(y). Let m be (-5 - -27)*b/(-2). Calculate the greatest common divisor of 22 and m.
22
Let c be (-17)/((-398)/(-100) + -4). Suppose -8*r = -c - 46. What is the greatest common divisor of r and 16?
16
Let n(p) = -3*p - 3*p + 5*p + 1. Let r be n(-6). Let x = 29 - 15. Calculate the greatest common factor of r and x.
7
Let y = -114 - -869. Suppose -2*f + 2*b + 376 = 0, 7*f - 5*b = 3*f + y. Calculate the highest common divisor of f and 74.
37
Suppose -5*v - 45 = -2*g, -3*g - 2*v + 133 = -1. Let n be ((-6)/(-4))/(3/48). What is the highest common factor of n and g?
8
Let z(q) = 4*q**2. Let p be z(-1). Let f be p + -7 + 4 - -16. Let b = f - -5. What is the g